{"id":132,"date":"2010-05-12T09:14:32","date_gmt":"2010-05-12T07:14:32","guid":{"rendered":"http:\/\/antoinedenisa.milset.org\/blog\/?page_id=132"},"modified":"2025-06-15T15:20:08","modified_gmt":"2025-06-15T13:20:08","slug":"transport","status":"publish","type":"page","link":"https:\/\/ad.evanruymbeke.be\/blog\/information\/transport\/","title":{"rendered":"Getting there"},"content":{"rendered":"<p>There is many ways to reach Doln\u00ed Benesov and we will be very happy to help you to find the best one. Here are the main possibilities. Please let us know when and were you will arrive to allow us to organise the pick up.<\/p>\n<p><img decoding=\"async\" style=\"float: right;\" src=\"\/blog\/wp-includes\/images\/car.jpg\" border=\"0\" alt=\"car\" width=\"150\" \/><\/p>\n<h2>Car<\/h2>\n<p>+-1200 Km for Brussels, Belgium (check the <a href=\"http:\/\/maps.google.com\/maps?f=d&amp;source=s_d&amp;saddr=Brusel,+R%C3%A9gion+de+Bruxelles-Capitale,+Belgium&amp;daddr=Doln%C3%AD+Benesov,+Czech+Republic&amp;z=6\" target=\"_blank\">map<\/a>, we advice A38-A4)<\/p>\n<ul>\n<li>To <a href=\"http:\/\/www.dolnibenesov.cz\" target=\"_blank\"><strong>Doln\u00ed Bene\u0161ov<\/strong><br \/>\n<\/a>747 14 Doln\u00ed Bene\u0161ov<br \/>\nCzech Republic<\/li>\n<\/ul>\n<ul>\n<li>To <strong><a href=\"http:\/\/www.ludgerovice.cz\" target=\"_blank\">Ludge\u0159ovice<\/a><\/strong><br \/>\n747 14 Ludge\u0159ovice<br \/>\nCzech Republic<\/li>\n<\/ul>\n<p>Remark: you need a vignette to use the speedways in Czech Republic (check the <a href=\"http:\/\/www.sfdi.cz\/obr\/2011dalnice.gif\" target=\"_blank3\">map<\/a>)<br \/>\n<img decoding=\"async\" style=\"float: right;\" src=\"\/blog\/wp-includes\/images\/plane.jpg\" border=\"0\" alt=\"plane\" width=\"150\" \/><\/p>\n<h2>Plane<\/h2>\n<ul>\n<li>To <a href=\"http:\/\/www.csl.cz\/en\" target=\"_blank\"><strong>Prague Ruzyn\u011b Airport<\/strong>, Czech Republic<\/a><br \/>\nFrom Belgium: <a href=\"http:\/\/www.wizzair.com\" target=\"_blank\">Wizz air<\/a>, <a href=\"http:\/\/www.csa.cz\" target=\"_blank\">CSA<\/a>, <a href=\"http:\/\/www.brusselsairlines.com\" target=\"_blank\">Brussels Airlines<\/a><br \/>\nRent a car<br \/>\nor<br \/>\nTake the bus 119 to Dejvick\u00e1<br \/>\nTake the metro line A to Museum<br \/>\nTake the metro line C to Prague Hlavn\u00ed n\u00e1dra\u017e\u00ed<br \/>\nTake the train<\/li>\n<\/ul>\n<ul>\n<li>To <a href=\"http:\/\/www.katowice-airport.com\" target=\"_blank\"><strong>Katowice International Airport\u200e<\/strong>, Poland<\/a><br \/>\nFrom Belgium: <a href=\"http:\/\/www.wizzair.com\" target=\"_blank\">Wizz air<\/a><br \/>\nRent a car<br \/>\nor<br \/>\nUse the shuttle to transit to Katowice Center<br \/>\nTake the train<\/li>\n<\/ul>\n<ul>\n<li>To <a href=\"http:\/\/www.viennaairport.com\" target=\"_blank\"><strong>Vienna International Airport\u200e<\/strong>, Austria<\/a><br \/>\nFrom Belgium: <a href=\"http:\/\/www.austrian.com\" target=\"_blank\">Austrian<\/a>, <a href=\"http:\/\/www.brusselsairlines.com\" target=\"_blank\">Brussels Airlines<\/a>, <a href=\"http:\/\/www.lufthansa.com\" target=\"_blank\">Lufthansa<\/a><br \/>\nRent a car<br \/>\nor<br \/>\nTake the <a href=\"http:\/\/www.oebb.at\/pv\/busplan2010\/118700.pdf\" target=\"_blank\">shuttle<\/a> to Wien Meidling Hbf (+-0:45)<br \/>\nTake the train<\/li>\n<\/ul>\n<ul>\n<li>To <a href=\"http:\/\/www.letiskobratislava.sk\" target=\"_blank\"><strong>Bratislava International Airport\u200e<\/strong>, Slovakia<\/a><br \/>\nFrom Belgium: <a href=\"http:\/\/www.ryanair.com\" target=\"_blank\">Ryan air<\/a><br \/>\nRent a car<br \/>\nor<br \/>\nTake the <a href=\"http:\/\/www.imhd.zoznam.sk\/ba\/index.php?w=3023ef2f302523ea&amp;l=61&amp;x=104857793564\" target=\"_blank\">bus 61<\/a> to Hlavn\u00e1 Stanica (+-0:30)<br \/>\nTake the train<\/li>\n<\/ul>\n<p><img decoding=\"async\" style=\"float: right;\" src=\"\/blog\/wp-includes\/images\/train.jpg\" border=\"0\" alt=\"train\" width=\"150\" \/><\/p>\n<h2>Train<\/h2>\n<p>Detail schedule available on <a href=\"http:\/\/www.idos.cz\" target=\"_blank\">http:\/\/www.idos.cz<\/a><\/p>\n<ul>\n<li>From <strong>Prague<\/strong>, Czech Republic (+-4:30)<br \/>\nTake the train from Prague Hlavn\u00ed n\u00e1dra\u017e\u00ed (hl.n.)\u00a0to Ostrava then to H\u00e1j ve Slezsku<br \/>\nRemark: Pendolinos are fast trains and request special tickets<\/li>\n<\/ul>\n<p>\u00a0<\/p>\n<ul>\n<li>From <strong>Katowice<\/strong>,Poland (+-2:10)<br \/>\nTake the train from Katowice to Ostrava-Svinov then to H\u00e1j ve Slezsku<\/li>\n<\/ul>\n<p>\u00a0<\/p>\n<ul>\n<li>From <strong>Vienna<\/strong>,Austria (+-4:00)<br \/>\nTake the train from Wien Miedling to Ostrava-Svinov then to H\u00e1j ve Slezsku<\/li>\n<\/ul>\n<p>\u00a0<\/p>\n<ul>\n<li>From <strong>Bratislava<\/strong>, Slovakia (+-3:15)<br \/>\nTake the train from Bratislava hl. st. to B\u0159eclav then to Ostrava-Svinov then to H\u00e1j ve Slezsku<\/li>\n<\/ul>\n","protected":false},"excerpt":{"rendered":"<p>There is many ways to reach Doln\u00ed Benesov and we will be very happy to help you to find the best one. Here are the main possibilities. Please let us know when and were you will arrive to allow us to organise the pick up. Car +-1200 Km for Brussels, Belgium (check the map, we [&hellip;]<\/p>\n","protected":false},"author":1,"featured_media":0,"parent":125,"menu_order":5,"comment_status":"closed","ping_status":"closed","template":"","meta":{"footnotes":""},"class_list":["post-132","page","type-page","status-publish","hentry"],"_links":{"self":[{"href":"https:\/\/ad.evanruymbeke.be\/blog\/wp-json\/wp\/v2\/pages\/132","targetHints":{"allow":["GET"]}}],"collection":[{"href":"https:\/\/ad.evanruymbeke.be\/blog\/wp-json\/wp\/v2\/pages"}],"about":[{"href":"https:\/\/ad.evanruymbeke.be\/blog\/wp-json\/wp\/v2\/types\/page"}],"author":[{"embeddable":true,"href":"https:\/\/ad.evanruymbeke.be\/blog\/wp-json\/wp\/v2\/users\/1"}],"replies":[{"embeddable":true,"href":"https:\/\/ad.evanruymbeke.be\/blog\/wp-json\/wp\/v2\/comments?post=132"}],"version-history":[{"count":48,"href":"https:\/\/ad.evanruymbeke.be\/blog\/wp-json\/wp\/v2\/pages\/132\/revisions"}],"predecessor-version":[{"id":589,"href":"https:\/\/ad.evanruymbeke.be\/blog\/wp-json\/wp\/v2\/pages\/132\/revisions\/589"}],"up":[{"embeddable":true,"href":"https:\/\/ad.evanruymbeke.be\/blog\/wp-json\/wp\/v2\/pages\/125"}],"wp:attachment":[{"href":"https:\/\/ad.evanruymbeke.be\/blog\/wp-json\/wp\/v2\/media?parent=132"}],"curies":[{"name":"wp","href":"https:\/\/api.w.org\/{rel}","templated":true}]}}