{"id":233,"date":"2010-06-15T12:14:13","date_gmt":"2010-06-15T10:14:13","guid":{"rendered":"http:\/\/antoinedenisa.milset.org\/blog\/?page_id=233"},"modified":"2025-06-15T15:19:59","modified_gmt":"2025-06-15T13:19:59","slug":"out-of-towners","status":"publish","type":"page","link":"https:\/\/ad.evanruymbeke.be\/blog\/information\/out-of-towners\/","title":{"rendered":"Out of towners"},"content":{"rendered":"<p><span style=\"float: right;\"><a href=\"http:\/\/www.gtsincoming.cz\/images\/map_cz.jpg\" target=\"_blank\"><img decoding=\"async\" src=\"http:\/\/www.gtsincoming.cz\/images\/map_cz.jpg\" border=\"0\" alt=\"\" width=\"600\" \/><\/a><\/span>Czech Republic is a beautifull country hosting incredible spots! If you want to take this opportunity to discover some of thems, here are some information about where to go.<\/p>\n<p>You can find plenty more information on: <a href=\"http:\/\/www.kudyznudy.cz\/en\" target=\"_blank\">http:\/\/www.kudyznudy.cz\/en<\/a><\/p>\n<h3>City guides<\/h3>\n<ul>\n<li><a href=\"http:\/\/www.myczechrepublic.com\/prague\/\" target=\"_blank\">Prague<\/a><\/li>\n<li><a href=\"http:\/\/www.myczechrepublic.com\/cesky-krumlov\/\" target=\"_blank\">\u010cesk\u00fd Krumlov<\/a><\/li>\n<li><a href=\"http:\/\/www.myczechrepublic.com\/karlovy-vary\/\" target=\"_blank\">Karlovy Vary<\/a><\/li>\n<li><a href=\"http:\/\/www.myczechrepublic.com\/kutna-hora\/\" target=\"_blank\">Kutn\u00e1 Hora<\/a><\/li>\n<li><a href=\"http:\/\/www.myczechrepublic.com\/olomouc\/\" target=\"_blank\">Olomouc<\/a><\/li>\n<li><a href=\"http:\/\/www.myczechrepublic.com\/roznov-pod-radhostem\/\" target=\"_blank\">Ro\u017enov pod Radho\u0161t\u011bm<\/a><\/li>\n<li><a href=\"http:\/\/www.myczechrepublic.com\/tabor\/\" target=\"_blank\">T\u00e1bor<\/a><\/li>\n<li><a href=\"http:\/\/www.myczechrepublic.com\/telc\/\" target=\"_blank\">Tel\u010d<\/a><\/li>\n<\/ul>\n","protected":false},"excerpt":{"rendered":"<p>Czech Republic is a beautifull country hosting incredible spots! If you want to take this opportunity to discover some of thems, here are some information about where to go. You can find plenty more information on: http:\/\/www.kudyznudy.cz\/en City guides Prague \u010cesk\u00fd Krumlov Karlovy Vary Kutn\u00e1 Hora Olomouc Ro\u017enov pod Radho\u0161t\u011bm T\u00e1bor Tel\u010d<\/p>\n","protected":false},"author":1,"featured_media":0,"parent":125,"menu_order":7,"comment_status":"closed","ping_status":"closed","template":"","meta":{"footnotes":""},"class_list":["post-233","page","type-page","status-publish","hentry"],"_links":{"self":[{"href":"https:\/\/ad.evanruymbeke.be\/blog\/wp-json\/wp\/v2\/pages\/233","targetHints":{"allow":["GET"]}}],"collection":[{"href":"https:\/\/ad.evanruymbeke.be\/blog\/wp-json\/wp\/v2\/pages"}],"about":[{"href":"https:\/\/ad.evanruymbeke.be\/blog\/wp-json\/wp\/v2\/types\/page"}],"author":[{"embeddable":true,"href":"https:\/\/ad.evanruymbeke.be\/blog\/wp-json\/wp\/v2\/users\/1"}],"replies":[{"embeddable":true,"href":"https:\/\/ad.evanruymbeke.be\/blog\/wp-json\/wp\/v2\/comments?post=233"}],"version-history":[{"count":18,"href":"https:\/\/ad.evanruymbeke.be\/blog\/wp-json\/wp\/v2\/pages\/233\/revisions"}],"predecessor-version":[{"id":370,"href":"https:\/\/ad.evanruymbeke.be\/blog\/wp-json\/wp\/v2\/pages\/233\/revisions\/370"}],"up":[{"embeddable":true,"href":"https:\/\/ad.evanruymbeke.be\/blog\/wp-json\/wp\/v2\/pages\/125"}],"wp:attachment":[{"href":"https:\/\/ad.evanruymbeke.be\/blog\/wp-json\/wp\/v2\/media?parent=233"}],"curies":[{"name":"wp","href":"https:\/\/api.w.org\/{rel}","templated":true}]}}